-3
Let r(m) = 2*m**2 - 25*m + 1. Determine r(13).
14
Let g(o) = -o**3 - 7*o**2 + 3*o + 8. Give g(-7).
-13
Let j(n) = -n**3 - 3*n**2 - 3*n - 3. Determine j(-2).
-1
Let f(g) = 4*g - 3. What is f(-4)?
-19
Let r(l) = 14*l**2 + 60*l + 10. What is r(-4)?
-6
Let a(v) = -5*v**2 + 2*v + 1. Give a(2).
-15
Let z(i) = -11*i + 39. What is z(7)?
-38
Let v(g) = 3*g + 84. What is v(-27)?
3
Let a(l) = -l**3 - 13*l**2 + 17*l + 50. What is a(-14)?
8
Let r(d) = 3*d**2 + 4*d - 1. What is r(-3)?
14
Let b(y) = 31*y - 3. Calculate b(-2).
-65
Let i(y) = -y**3 + 24*y**2 - y + 2. Determine i(24).
-22
Let u(v) = v**3 - 9*v**2 + 7*v + 13. What is u(7)?
-36
Let i(f) = -f**3 - 8*f**2 - 13*f + 6. Determine i(-6).
12
Let u(v) = -v**2 + 6*v. Calculate u(6).
0
Let i(p) = -p**3 + 34*p**2 - 93*p - 7. Calculate i(31).
-7
Let j(v) = v**3 - 4*v**2 + 9*v - 65. What is j(5)?
5
Let f(z) = -7*z**2 - z - 1. What is f(-3)?
-61
Let n(m) = 4*m - 1. Give n(2).
7
Let q(m) = m - 30. What is q(14)?
-16
Let l(m) = -m**3 + 5*m**2 - 2*m + 4. Determine l(4).
12
Let q(n) = -11*n - 6. Determine q(-4).
38
Let q(h) = -h**3 - 6*h**2 + h - 5. Calculate q(-6).
-11
Let a(j) = -3*j**2 + 2*j + 2. Determine a(3).
-19
Let h(r) = r**2 + 11*r - 3. Determine h(-12).
9
Let k(y) = y**3 - 5*y**2 + 3*y - 6. Determine k(4).
-10
Let r(u) = 2*u**2 + 70*u + 40. Determine r(-34).
-28
Let r(f) = 2*f - 9. Give r(-5).
-19
Let x(p) = -p**3 - 4*p**2 - 6*p - 7. Calculate x(-2).
-3
Let s(l) = -l + 21. What is s(9)?
12
Let n(z) = z**3 + 4*z**2. Determine n(-4).
0
Let j(v) = -v**3 - 1. Calculate j(0).
-1
Let f(z) = -z**3 - 15*z**2 - 2*z - 21. Determine f(-15).
9
Let x(t) = 3*t**3 + 102*t**2 - t - 25. Give x(-34).
9
Let y(d) = -4*d**2 - 7*d + 11. Determine y(-3).
-4
Let w(d) = -d**3 - 3*d**2 + d + 5. Give w(-4).
17
Let f(t) = 13*t**3 + t**2 - 3*t + 1. Give f(1).
12
Let y(g) = -g**3 - 8*g**2 + 8*g - 11. Determine y(-9).
-2
Let f(z) = -z**3 + 8*z**2 - 6*z - 8. What is f(8)?
-56
Let p(v) = v**3 - 6*v**2 - 3*v - 15. What is p(7)?
13
Let r(a) = 6*a + 24. Calculate r(-14).
-60
Let d(r) = -r**3 - 12*r**2 - 13*r - 9. Determine d(-8).
-161
Let q(r) = 2*r - 19. What is q(13)?
7
Let s(c) = -4*c**3 + 3*c**2 + c + 10. Give s(3).
-68
Let o(s) = -4*s**2 - 1. Calculate o(3).
-37
Let k(y) = -y + 4. What is k(-1)?
5
Let g(c) = -15*c - 2. Calculate g(-3).
43
Let h(v) = 2*v - 20. Determine h(6).
-8
Let b(s) = -s + 11. Determine b(-6).
17
Let l(c) = -c**2 + 24*c + 174. Give l(30).
-6
Let t(z) = 2*z**2 + z + 5. Determine t(0).
5
Let h(q) = -2*q - 5. Calculate h(-16).
27
Let o(h) = 2*h + 5. Give o(-1).
3
Let n(u) = 15*u**2 + 7*u - 11. What is n(2)?
63
Let i(b) = -b**3 - 9*b**2 + 15*b + 11. What is i(-10)?
-39
Let a(c) = -c**3 - 7*c**2 - 4*c - 4. Give a(-6).
-16
Let l(y) = -y**3 + 27*y**2 + 27*y + 38. Give l(28).
10
Let c(b) = 8*b + 3. Determine c(2).
19
Let g(z) = 2*z**2 - 42*z + 137. What is g(4)?
1
Let v(l) = -l**3 + 2*l**2 - 2*l + 6. Give v(2).
2
Let k(l) = -l + 9. Determine k(8).
1
Let l(z) = -2*z + 144. Determine l(0).
144
Let i(d) = d**3 + 7*d**2 - 6*d + 24. Calculate i(-8).
8
Let t(l) = l**3 + 17*l**2 - 15*l + 71. Calculate t(-18).
17
Let j(n) = 3*n**2 - 28*n + 73. Calculate j(4).
9
Let f(t) = -5*t - 3. Give f(-6).
27
Let n(c) = -c**3 - 3*c**2 - 2*c - 3. Calculate n(-3).
3
Let t(p) = -p**2 - 3*p + 7. Give t(-9).
-47
Let j(q) = -q**3 - 3*q**2 + 9*q + 10. Give j(-5).
15
Let p(c) = c**2 + 11*c + 1. Give p(-11).
1
Let d(i) = i**3 - 13*i**2 - i + 16. Determine d(13).
3
Let j(l) = -6*l + 19. What is j(7)?
-23
Let w(j) = j**3 - 6*j**2 + 7*j - 5. Give w(5).
5
Let m(r) = -r**3 - 6*r**2 + 6*r - 2. What is m(-7)?
5
Let j(y) = -29*y + 3. Calculate j(2).
-55
Let f(m) = m**2 + 2*m + 3. Give f(-4).
11
Let k(b) = -6*b - 135. What is k(-26)?
21
Let m(n) = -n**3 - 5*n**2 + 15*n + 4. Give m(-7).
-3
Let s(g) = g**2 + 11*g - 3. Give s(-11).
-3
Let m(u) = -u**2 - 9*u - 17. Give m(-5).
3
Let d(s) = -4*s + 3. Calculate d(-4).
19
Let q(v) = v - 19. Calculate q(7).
-12
Let x(p) = p**2 - 14*p - 6. Give x(10).
-46
Let j(c) = c**3 - 4*c**2 - 2*c. Give j(4).
-8
Let d(l) = l**3 - 40*l**2 + 73*l + 109. Give d(38).
-5
Let l(n) = 15*n**2 + n + 1. Determine l(-1).
15
Let l(v) = -v**3 + 25*v**2 - 3*v + 70. Give l(25).
-5
Let i(w) = w + 4. Determine i(2).
6
Let o(k) = -k**2 + 4*k - 5. Calculate o(1).
-2
Let t(z) = 5*z + 160. Determine t(-34).
-10
Let b(v) = v**2 - 7*v + 3. Determine b(7).
3
Let q(i) = -2*i**2 + 6*i - 1. Determine q(3).
-1
Let k(x) = -308*x - 928. Calculate k(-3).
-4
Let q(m) = m**3 + 8*m**2 - 11*m + 13. Calculate q(-9).
31
Let x(g) = g - 20. What is x(16)?
-4
Let y(m) = m**2 - 10*m + 14. Give y(6).
-10
Let y(w) = -5*w**2 + 383*w + 156. Determine y(77).
2
Let j(u) = -4*u + 54. Determine j(11).
10
Let b(m) = -5*m**2 - 4*m - 11. Give b(-4).
-75
Let f(t) = t**3 + 6*t**2 + 5*t + 3. What is f(-4)?
15
Let g(w) = w**2 - 95. What is g(-10)?
5
Let p(b) = -b**3 + 8*b**2 + 10*b + 2. Determine p(8).
82
Let k(m) = 2*m + 19. Give k(-9).
1
Let m(u) = -u**2 + 4*u + 165. What is m(-11)?
0
Let b(x) = 6*x - 1. Give b(-1).
-7
Let l(j) = 15*j. Give l(3).
45
Let o(y) = -5*y**2 + 9*y - 2. Determine o(2).
-4
Let u(c) = -c**3 - 10*c**2 - 9*c + 15. Determine u(-9).
15
Let x(t) = -t**3 - 2*t**2 - t - 3. Determine x(-3).
9
Let z(n) = -n**2 - 31*n - 23. What is z(-30)?
7
Let a(v) = -30*v - 296. What is a(-10)?
4
Let q(t) = t**2 - 16*t + 13. What is q(14)?
-15
Let b(v) = -4*v - 105. Calculate b(-33).
27
Let n(h) = h**3 - 7*h**2 - 7*h + 14. Calculate n(8).
22
Let a(i) = i**3 - 4*i**2 + 6*i - 26. What is a(6)?
82
Let y(k) = -12*k + 3. Determine y(2).
-21
Let z(o) = -o**3 + 11*o**2 - 31*o - 1. Give z(7).
-22
Let t(y) = -y + 2. Determine t(1).
1
Let k(v) = -9*v + 8. Determine k(7).
-55
Let k(c) = c**2 - c + 2. What is k(0)?
2
Let b(q) = 6*q - 5. Determine b(4).
19
Let u(a) = -a**3 - 5*a**2 + 10*a + 13. Calculate u(-6).
-11
Let h(k) = -k**2 + 10*k - 19. What is h(6)?
5
Let n(d) = -30*d - 4. Give n(2).
-64
Let z(o) = -o**3 + 3*o**2 + 13*o - 9. Calculate z(5).
6
Let a(b) = -b**3 - 10*b**2 - 2*b - 18. Give a(-10).
2
Let y(l) = l**2 - 7*l + 6. What is y(3)?
-6
Let p(g) = -g**2 - 13*g + 22. What is p(-13)?
22
Let g(i) = -i**3 + 6*i**2 + 5*i + 1. Calculate g(6).
31
Let n(v) = 15*v + 4. What is n(-3)?
-41
Let d(w) = -w**3 - 26*w**2 + 25*w - 33. Calculate d(-27).
21
Let f(a) = -14*a - 135. Determine f(-10).
5
Let k(b) = 3*b**2 + 4*b - 12. What is k(-5)?
43
Let w(s) = -5*s - 101. Calculate w(-19).
-6
Let y(j) = -j**3 + 30*j**2 - 2*j + 37. Determine y(30).
-23
Let u(g) = 19*g - 9. Determine u(1).
10
Let d(m) = -2*m**2 - 7*m - 9. Give d(-3).
-6
Let t(a) = a**3 + 26*a**2 + 45*a - 72. Give t(-24).
0
Let p(h) = 3*h**2 + h - 4. Calculate p(-2).
6
Let s(c) = c**3 - 9*c**2 - 26*c + 25. Calculate s(11).
-19
Let m(j) = j**3 + 16*j**2 - 14*j + 32. Give m(-17).
-19
Let n(k) = -k**2 - 8*k - 4. Calculate n(-9).
-13
Let b(i) = -6*i**3 - i**2 + i - 1. Determine b(1).
-7
Let x(f) = f**2 - 8*f + 69. Determine x(4).
53
Let y(q) = -q**3 + 13*q**2 + 3*q - 28. Calculate y(14).
-182
Let u(n) = -3*n**3 - 20*n**2 + 4*n - 17. Calculate u(-7).
4
Let f(i) = -i**2 + 5*i - 9. Determine f(0).
-9
Let g(r) = 8*r + 4. What is g(3)?
28
Let r(n) = n**3 - 6*n**2 - 3. Give r(6).
-3
Let d(i) = i - 8. What is d(11)?
3
Let i(b) = b**3 + 5*b**2 - b - 4. Give i(-4).
16
Let q(c) = c**2 - c - 1. What is q(-8)?
71
Let k(f) = f**3 - 10*f**2 + 20*f - 27. Determine k(8).
5
Let c(j) = j**2 + 6*j - 2. What is c(-4)?
-10
Let o(k) = -6*k - 56. Give o(-10).
4
Let w(t) = 2*t**2 - 22*t + 8. What is w(10)?
-12
Let h(g) = -22*g + 12. Determine h(0).
12
Let r(a) = a + 129. Give r(0).
129
Let y(v) = -21*v - 13. Calculate y(1).
-34
Let a(h) = 10*h - 44. Give a(17).
126
Let g(i) = i**2 - 4*i - 29. What is g(8)?
3
Let u(f) = -f**2 + 16*f - 15. Calculate u(12).
33
Let k(i) = -i**3 + 15*i**2 + 37*i - 38. Determine k(17).
13
Let t(q) = q**2 + 4*q - 15. Calculate t(-7).
6
Let w(a) = a**3 + a**2 + a + 3. Calculate w(0).
3
Let r(g) = -43*g - 167. What is r(-4)?
5
Let a(f) = f**3 - 46*f**2 + 47*f - 60. Calculate a(45).
30
Let j(z) = -z**3 - 3*z**2 + 15*z + 15. Calculate j(-5).
-10
Let a(f) = -f**2 + 3*f + 12. Give a(-3).
-6
Let f(k) = -k**2 + 20*k + 28. Determine f(21).
7
Let a(n) = -n**3 + 12*n**2 - 24*n - 12. Determine a(9).
15
Let h(i) = -20*i - 27. What is h(-4)?
53
Let 